{"id":51,"date":"2020-03-27T09:03:05","date_gmt":"2020-03-27T09:03:05","guid":{"rendered":"http:\/\/localhost\/projects\/Neve-music-band\/?page_id=51"},"modified":"2026-04-03T11:15:09","modified_gmt":"2026-04-03T11:15:09","slug":"b56e6-home","status":"publish","type":"page","link":"https:\/\/www.djtrap.fi\/","title":{"rendered":"Home"},"content":{"rendered":"\n<div id=\"wp-block-themeisle-blocks-advanced-columns-140745f7\" class=\"wp-block-themeisle-blocks-advanced-columns alignfull has-1-columns has-desktop-equal-layout has-tablet-equal-layout has-mobile-collapsedRows-layout has-vertical-unset\"><div class=\"wp-block-themeisle-blocks-advanced-columns-overlay\"><\/div><div class=\"innerblocks-wrap\">\n<div id=\"wp-block-themeisle-blocks-advanced-column-de46115f\" class=\"wp-block-themeisle-blocks-advanced-column has-dark-bg\">\n<span id=\"wp-block-themeisle-blocks-advanced-heading-7faf37d6\" class=\"wp-block-themeisle-blocks-advanced-heading wp-block-themeisle-blocks-advanced-heading-7faf37d6\"><strong>N\u00e4m\u00e4 ovat uudet kotisivuni!<\/strong><\/span>\n\n\n\n<h1 id=\"wp-block-themeisle-blocks-advanced-heading-f537e6a0\" class=\"wp-block-themeisle-blocks-advanced-heading wp-block-themeisle-blocks-advanced-heading-f537e6a0\">Tervetuloa!<\/h1>\n\n\n\n<p class=\"has-nv-text-dark-bg-color has-text-color\">Olen Dj Trap Tampereelta. Nautin musiikista ja keikkailuista, rakastan esiintymist\u00e4! <\/p>\n\n\n\n<div style=\"height:20px\" aria-hidden=\"true\" class=\"wp-block-spacer\"><\/div>\n\n\n\n<div id=\"wp-block-themeisle-blocks-button-group-a45bf444\" class=\"wp-block-themeisle-blocks-button-group wp-block-buttons\">\n<div id=\"wp-block-themeisle-blocks-button-c3171dd8\" class=\"wp-block-themeisle-blocks-button wp-block-button\"><a href=\"https:\/\/www.djtrap.fi\/index.php\/b56e6-discography\/\" target=\"_self\" rel=\"noopener noreferrer\" class=\"wp-block-button__link\"><span> Learn more <\/span><\/a><\/div>\n<\/div>\n<\/div>\n<\/div><\/div>\n\n\n\n<div id=\"wp-block-themeisle-blocks-advanced-columns-4d0adf82\" class=\"wp-block-themeisle-blocks-advanced-columns alignfull has-1-columns has-desktop-equal-layout has-tablet-equal-layout has-mobile-equal-layout has-vertical-unset\"><div class=\"wp-block-themeisle-blocks-advanced-columns-overlay\"><\/div><div class=\"innerblocks-wrap\">\n<div id=\"wp-block-themeisle-blocks-advanced-column-09fff674\" class=\"wp-block-themeisle-blocks-advanced-column\">\n<span id=\"wp-block-themeisle-blocks-advanced-heading-c374a328\" class=\"wp-block-themeisle-blocks-advanced-heading wp-block-themeisle-blocks-advanced-heading-c374a328\"><strong> This is me<\/strong><\/span>\n\n\n\n<h2 id=\"wp-block-themeisle-blocks-advanced-heading-bc6c8e6a\" class=\"wp-block-themeisle-blocks-advanced-heading wp-block-themeisle-blocks-advanced-heading-bc6c8e6a\">Dj trap<\/h2>\n<\/div>\n<\/div><\/div>\n\n\n\n<div id=\"wp-block-themeisle-blocks-advanced-columns-171167ad\" class=\"wp-block-themeisle-blocks-advanced-columns alignfull has-4-columns has-desktop-equal-layout has-tablet-equal-layout has-mobile-collapsedRows-layout has-vertical-unset\"><div class=\"wp-block-themeisle-blocks-advanced-columns-overlay\"><\/div><div class=\"innerblocks-wrap\">\n<div id=\"wp-block-themeisle-blocks-advanced-column-80956c37\" class=\"wp-block-themeisle-blocks-advanced-column\"><div class=\"wp-block-image\">\n<figure class=\"aligncenter size-large\"><img loading=\"lazy\" decoding=\"async\" width=\"1024\" height=\"683\" src=\"https:\/\/www.djtrap.fi\/wp-content\/uploads\/2025\/05\/20250324_Dj_Trap_Promo_0516_2200px_WEB_JPG-1024x683.jpg\" alt=\"\u00a9Arttu Kokkonen\" class=\"wp-image-430\" srcset=\"https:\/\/www.djtrap.fi\/wp-content\/uploads\/2025\/05\/20250324_Dj_Trap_Promo_0516_2200px_WEB_JPG-1024x683.jpg 1024w, https:\/\/www.djtrap.fi\/wp-content\/uploads\/2025\/05\/20250324_Dj_Trap_Promo_0516_2200px_WEB_JPG-300x200.jpg 300w, https:\/\/www.djtrap.fi\/wp-content\/uploads\/2025\/05\/20250324_Dj_Trap_Promo_0516_2200px_WEB_JPG-768x512.jpg 768w, https:\/\/www.djtrap.fi\/wp-content\/uploads\/2025\/05\/20250324_Dj_Trap_Promo_0516_2200px_WEB_JPG-1536x1024.jpg 1536w, https:\/\/www.djtrap.fi\/wp-content\/uploads\/2025\/05\/20250324_Dj_Trap_Promo_0516_2200px_WEB_JPG-2048x1366.jpg 2048w, https:\/\/www.djtrap.fi\/wp-content\/uploads\/2025\/05\/20250324_Dj_Trap_Promo_0516_2200px_WEB_JPG-930x620.jpg 930w\" sizes=\"auto, (max-width: 1024px) 100vw, 1024px\" \/><\/figure>\n<\/div>\n\n\n<p class=\"has-text-align-center has-neve-text-color-color has-text-color has-small-font-size\">\u00a9Arttu Kokkonen<\/p>\n<\/div>\n\n\n\n<div id=\"wp-block-themeisle-blocks-advanced-column-1d6710f9\" class=\"wp-block-themeisle-blocks-advanced-column\"><div class=\"wp-block-image\">\n<figure class=\"aligncenter size-large\"><img loading=\"lazy\" decoding=\"async\" width=\"1024\" height=\"683\" src=\"https:\/\/www.djtrap.fi\/wp-content\/uploads\/2025\/05\/20250324_Dj_Trap_Promo_0382_2200px_WEB_JPG-1024x683.jpg\" alt=\"\u00a9Arttu Kokkonen\" class=\"wp-image-429\" srcset=\"https:\/\/www.djtrap.fi\/wp-content\/uploads\/2025\/05\/20250324_Dj_Trap_Promo_0382_2200px_WEB_JPG-1024x683.jpg 1024w, https:\/\/www.djtrap.fi\/wp-content\/uploads\/2025\/05\/20250324_Dj_Trap_Promo_0382_2200px_WEB_JPG-300x200.jpg 300w, https:\/\/www.djtrap.fi\/wp-content\/uploads\/2025\/05\/20250324_Dj_Trap_Promo_0382_2200px_WEB_JPG-768x512.jpg 768w, https:\/\/www.djtrap.fi\/wp-content\/uploads\/2025\/05\/20250324_Dj_Trap_Promo_0382_2200px_WEB_JPG-1536x1024.jpg 1536w, https:\/\/www.djtrap.fi\/wp-content\/uploads\/2025\/05\/20250324_Dj_Trap_Promo_0382_2200px_WEB_JPG-2048x1366.jpg 2048w, https:\/\/www.djtrap.fi\/wp-content\/uploads\/2025\/05\/20250324_Dj_Trap_Promo_0382_2200px_WEB_JPG-930x620.jpg 930w\" sizes=\"auto, (max-width: 1024px) 100vw, 1024px\" \/><\/figure>\n<\/div>\n\n\n<p>\u00a9Arttu Kokkonen<\/p>\n<\/div>\n\n\n\n<div id=\"wp-block-themeisle-blocks-advanced-column-985b6b4a\" class=\"wp-block-themeisle-blocks-advanced-column\"><div class=\"wp-block-image\">\n<figure class=\"aligncenter size-large\"><img loading=\"lazy\" decoding=\"async\" width=\"1024\" height=\"683\" src=\"https:\/\/www.djtrap.fi\/wp-content\/uploads\/2025\/05\/20250324_Dj_Trap_Promo_0126_2200px_WEB_JPG-1024x683.jpg\" alt=\"\u00a9Arttu Kokkonen\" class=\"wp-image-426\" srcset=\"https:\/\/www.djtrap.fi\/wp-content\/uploads\/2025\/05\/20250324_Dj_Trap_Promo_0126_2200px_WEB_JPG-1024x683.jpg 1024w, https:\/\/www.djtrap.fi\/wp-content\/uploads\/2025\/05\/20250324_Dj_Trap_Promo_0126_2200px_WEB_JPG-300x200.jpg 300w, https:\/\/www.djtrap.fi\/wp-content\/uploads\/2025\/05\/20250324_Dj_Trap_Promo_0126_2200px_WEB_JPG-768x512.jpg 768w, https:\/\/www.djtrap.fi\/wp-content\/uploads\/2025\/05\/20250324_Dj_Trap_Promo_0126_2200px_WEB_JPG-1536x1024.jpg 1536w, https:\/\/www.djtrap.fi\/wp-content\/uploads\/2025\/05\/20250324_Dj_Trap_Promo_0126_2200px_WEB_JPG-2048x1366.jpg 2048w, https:\/\/www.djtrap.fi\/wp-content\/uploads\/2025\/05\/20250324_Dj_Trap_Promo_0126_2200px_WEB_JPG-930x620.jpg 930w\" sizes=\"auto, (max-width: 1024px) 100vw, 1024px\" \/><\/figure>\n<\/div>\n\n\n<p>\u00a9Arttu Kokkonen<\/p>\n<\/div>\n\n\n\n<div id=\"wp-block-themeisle-blocks-advanced-column-22500a6a\" class=\"wp-block-themeisle-blocks-advanced-column\"><div class=\"wp-block-image\">\n<figure class=\"aligncenter size-large\"><img loading=\"lazy\" decoding=\"async\" width=\"1024\" height=\"683\" src=\"https:\/\/www.djtrap.fi\/wp-content\/uploads\/2025\/05\/20250324_Dj_Trap_Promo_0008_2200px_WEB_JPG-1024x683.jpg\" alt=\"\u00a9Arttu Kokkonen\" class=\"wp-image-423\" srcset=\"https:\/\/www.djtrap.fi\/wp-content\/uploads\/2025\/05\/20250324_Dj_Trap_Promo_0008_2200px_WEB_JPG-1024x683.jpg 1024w, https:\/\/www.djtrap.fi\/wp-content\/uploads\/2025\/05\/20250324_Dj_Trap_Promo_0008_2200px_WEB_JPG-300x200.jpg 300w, https:\/\/www.djtrap.fi\/wp-content\/uploads\/2025\/05\/20250324_Dj_Trap_Promo_0008_2200px_WEB_JPG-768x512.jpg 768w, https:\/\/www.djtrap.fi\/wp-content\/uploads\/2025\/05\/20250324_Dj_Trap_Promo_0008_2200px_WEB_JPG-1536x1024.jpg 1536w, https:\/\/www.djtrap.fi\/wp-content\/uploads\/2025\/05\/20250324_Dj_Trap_Promo_0008_2200px_WEB_JPG-2048x1366.jpg 2048w, https:\/\/www.djtrap.fi\/wp-content\/uploads\/2025\/05\/20250324_Dj_Trap_Promo_0008_2200px_WEB_JPG-930x620.jpg 930w\" sizes=\"auto, (max-width: 1024px) 100vw, 1024px\" \/><\/figure>\n<\/div>\n\n\n<p>\u00a9Arttu Kokkonen<\/p>\n<\/div>\n<\/div><\/div>\n\n\n\n<div id=\"wp-block-themeisle-blocks-advanced-columns-495c416d\" class=\"wp-block-themeisle-blocks-advanced-columns alignfull has-1-columns has-desktop-equal-layout has-tablet-equal-layout has-mobile-equal-layout has-vertical-unset has-dark-bg\"><div class=\"wp-block-themeisle-blocks-advanced-columns-overlay\"><\/div><div class=\"innerblocks-wrap\">\n<div id=\"wp-block-themeisle-blocks-advanced-column-678eab8a\" class=\"wp-block-themeisle-blocks-advanced-column\">\n<span id=\"wp-block-themeisle-blocks-advanced-heading-ac801b89\" class=\"wp-block-themeisle-blocks-advanced-heading wp-block-themeisle-blocks-advanced-heading-ac801b89\"><strong>Dj Trap<\/strong><\/span>\n\n\n\n<h2 id=\"wp-block-themeisle-blocks-advanced-heading-32a0efbd\" class=\"wp-block-themeisle-blocks-advanced-heading wp-block-themeisle-blocks-advanced-heading-32a0efbd\"> Keikkalista p\u00e4ivitetty<\/h2>\n<\/div>\n<\/div><\/div>\n\n\n\n<div id=\"wp-block-themeisle-blocks-advanced-columns-b84b0f85\" class=\"wp-block-themeisle-blocks-advanced-columns alignfull has-4-columns has-desktop-equal-layout has-tablet-equal-layout has-mobile-collapsedRows-layout has-vertical-unset has-dark-bg\"><div class=\"wp-block-themeisle-blocks-advanced-columns-overlay\"><\/div><div class=\"innerblocks-wrap\">\n<div id=\"wp-block-themeisle-blocks-advanced-column-dba0cf43\" class=\"wp-block-themeisle-blocks-advanced-column\">\n<h3 id=\"wp-block-themeisle-blocks-advanced-heading-acbd4c95\" class=\"wp-block-themeisle-blocks-advanced-heading wp-block-themeisle-blocks-advanced-heading-acbd4c95\">4.4.2026<\/h3>\n\n\n\n<h4 id=\"wp-block-themeisle-blocks-advanced-heading-85e78ab0\" class=\"wp-block-themeisle-blocks-advanced-heading wp-block-themeisle-blocks-advanced-heading-85e78ab0\">H\u00f6\u00f6rin terassi, pyh\u00e4tunturi<\/h4>\n\n\n\n<hr class=\"wp-block-separator has-text-color has-white-color has-css-opacity has-white-background-color has-background\"\/>\n\n\n\n<div id=\"wp-block-themeisle-blocks-button-group-89d92ac5\" class=\"wp-block-themeisle-blocks-button-group wp-block-buttons align-center\">\n<div id=\"wp-block-themeisle-blocks-button-66ec35fd\" class=\"wp-block-themeisle-blocks-button wp-block-button\"><a target=\"_self\" rel=\"noopener noreferrer\" class=\"wp-block-button__link\"><span><\/span><\/a><\/div>\n<\/div>\n<\/div>\n\n\n\n<div id=\"wp-block-themeisle-blocks-advanced-column-635de977\" class=\"wp-block-themeisle-blocks-advanced-column\">\n<h3 id=\"wp-block-themeisle-blocks-advanced-heading-a616d359\" class=\"wp-block-themeisle-blocks-advanced-heading wp-block-themeisle-blocks-advanced-heading-a616d359\">10.5.2025<\/h3>\n\n\n\n<h4 id=\"wp-block-themeisle-blocks-advanced-heading-c17e63e8\" class=\"wp-block-themeisle-blocks-advanced-heading wp-block-themeisle-blocks-advanced-heading-c17e63e8\">Skidiscope, Periscope terrace, Tampere<\/h4>\n\n\n\n<hr class=\"wp-block-separator has-text-color has-white-color has-css-opacity has-white-background-color has-background\"\/>\n\n\n\n<div id=\"wp-block-themeisle-blocks-button-group-951c1e89\" class=\"wp-block-themeisle-blocks-button-group wp-block-buttons align-center\">\n<div id=\"wp-block-themeisle-blocks-button-a5ef3939\" class=\"wp-block-themeisle-blocks-button wp-block-button\"><a target=\"_self\" rel=\"noopener noreferrer\" class=\"wp-block-button__link\"><span><\/span><\/a><\/div>\n<\/div>\n<\/div>\n\n\n\n<div id=\"wp-block-themeisle-blocks-advanced-column-9d18537a\" class=\"wp-block-themeisle-blocks-advanced-column\">\n<h3 id=\"wp-block-themeisle-blocks-advanced-heading-68ceb86a\" class=\"wp-block-themeisle-blocks-advanced-heading wp-block-themeisle-blocks-advanced-heading-68ceb86a\">26.4.2025<\/h3>\n\n\n\n<h4 id=\"wp-block-themeisle-blocks-advanced-heading-163d677a\" class=\"wp-block-themeisle-blocks-advanced-heading wp-block-themeisle-blocks-advanced-heading-163d677a\">Studio Move 20v lasten gaala, Tampere<\/h4>\n\n\n\n<hr class=\"wp-block-separator has-text-color has-white-color has-css-opacity has-white-background-color has-background\"\/>\n<\/div>\n\n\n\n<div id=\"wp-block-themeisle-blocks-advanced-column-f4924180\" class=\"wp-block-themeisle-blocks-advanced-column\">\n<h3 id=\"wp-block-themeisle-blocks-advanced-heading-f88b3b1c\" class=\"wp-block-themeisle-blocks-advanced-heading wp-block-themeisle-blocks-advanced-heading-f88b3b1c\">25.4.2025<\/h3>\n\n\n\n<h4 id=\"wp-block-themeisle-blocks-advanced-heading-ddaa84b4\" class=\"wp-block-themeisle-blocks-advanced-heading wp-block-themeisle-blocks-advanced-heading-ddaa84b4\">Disko, Nokia<\/h4>\n\n\n\n<hr class=\"wp-block-separator has-text-color has-white-color has-css-opacity has-white-background-color has-background\"\/>\n<\/div>\n<\/div><\/div>\n\n\n\n<div id=\"wp-block-themeisle-blocks-advanced-columns-adc3dcc6\" class=\"wp-block-themeisle-blocks-advanced-columns alignfull has-2-columns has-desktop-equal-layout has-tablet-equal-layout has-mobile-collapsedRows-layout has-vertical-unset\"><div class=\"wp-block-themeisle-blocks-advanced-columns-overlay\"><\/div><div class=\"innerblocks-wrap\">\n<div id=\"wp-block-themeisle-blocks-advanced-column-df3791f5\" class=\"wp-block-themeisle-blocks-advanced-column\">\n<figure class=\"wp-block-image size-large\"><img loading=\"lazy\" decoding=\"async\" width=\"683\" height=\"1024\" src=\"https:\/\/www.djtrap.fi\/wp-content\/uploads\/2025\/05\/20250324_Dj_Trap_Promo_0229_2200px_WEB_JPG-683x1024.jpg\" alt=\"\u00a9Arttu Kokkonen\" class=\"wp-image-427\" srcset=\"https:\/\/www.djtrap.fi\/wp-content\/uploads\/2025\/05\/20250324_Dj_Trap_Promo_0229_2200px_WEB_JPG-683x1024.jpg 683w, https:\/\/www.djtrap.fi\/wp-content\/uploads\/2025\/05\/20250324_Dj_Trap_Promo_0229_2200px_WEB_JPG-200x300.jpg 200w, https:\/\/www.djtrap.fi\/wp-content\/uploads\/2025\/05\/20250324_Dj_Trap_Promo_0229_2200px_WEB_JPG-768x1152.jpg 768w, https:\/\/www.djtrap.fi\/wp-content\/uploads\/2025\/05\/20250324_Dj_Trap_Promo_0229_2200px_WEB_JPG-1024x1536.jpg 1024w, https:\/\/www.djtrap.fi\/wp-content\/uploads\/2025\/05\/20250324_Dj_Trap_Promo_0229_2200px_WEB_JPG-1366x2048.jpg 1366w, https:\/\/www.djtrap.fi\/wp-content\/uploads\/2025\/05\/20250324_Dj_Trap_Promo_0229_2200px_WEB_JPG.jpg 1467w\" sizes=\"auto, (max-width: 683px) 100vw, 683px\" \/><\/figure>\n\n\n\n<p>\u00a9Arttu Kokkonen<\/p>\n<\/div>\n\n\n\n<div id=\"wp-block-themeisle-blocks-advanced-column-d43fcb15\" class=\"wp-block-themeisle-blocks-advanced-column\">\n<figure class=\"wp-block-image size-full\"><img decoding=\"async\" src=\"https:\/\/www.djtrap.fi\/wp-content\/uploads\/2025\/05\/IMG_0096.heic\" alt=\"\" class=\"wp-image-433\"\/><\/figure>\n\n\n\n<div style=\"height:16px\" aria-hidden=\"true\" class=\"wp-block-spacer\"><\/div>\n<\/div>\n<\/div><\/div>\n\n\n\n<div id=\"wp-block-themeisle-blocks-button-group-c3eee214\" class=\"wp-block-themeisle-blocks-button-group wp-block-buttons\">\n<div id=\"wp-block-themeisle-blocks-button-6bba61fc\" class=\"wp-block-themeisle-blocks-button wp-block-button\"><a href=\"https:\/\/www.djtrap.fi\/index.php\/privacy-policy\/\" target=\"_blank\" rel=\"noopener noreferrer\" class=\"wp-block-button__link\"><span>Tietosuojaselosteen l\u00f6yd\u00e4t t\u00e4\u00e4lt\u00e4<\/span><\/a><\/div>\n<\/div>\n","protected":false},"excerpt":{"rendered":"","protected":false},"author":1,"featured_media":0,"parent":0,"menu_order":0,"comment_status":"closed","ping_status":"closed","template":"page-templates\/template-pagebuilder-full-width.php","meta":{"neve_meta_sidebar":"full-width","neve_meta_container":"contained","neve_meta_enable_content_width":"on","neve_meta_content_width":100,"neve_meta_title_alignment":"","neve_meta_author_avatar":"","neve_post_elements_order":"","neve_meta_disable_header":"","neve_meta_disable_footer":"","neve_meta_disable_title":"","_themeisle_gutenberg_block_has_review":false,"footnotes":""},"class_list":["post-51","page","type-page","status-publish","hentry"],"_links":{"self":[{"href":"https:\/\/www.djtrap.fi\/index.php\/wp-json\/wp\/v2\/pages\/51","targetHints":{"allow":["GET"]}}],"collection":[{"href":"https:\/\/www.djtrap.fi\/index.php\/wp-json\/wp\/v2\/pages"}],"about":[{"href":"https:\/\/www.djtrap.fi\/index.php\/wp-json\/wp\/v2\/types\/page"}],"author":[{"embeddable":true,"href":"https:\/\/www.djtrap.fi\/index.php\/wp-json\/wp\/v2\/users\/1"}],"replies":[{"embeddable":true,"href":"https:\/\/www.djtrap.fi\/index.php\/wp-json\/wp\/v2\/comments?post=51"}],"version-history":[{"count":14,"href":"https:\/\/www.djtrap.fi\/index.php\/wp-json\/wp\/v2\/pages\/51\/revisions"}],"predecessor-version":[{"id":530,"href":"https:\/\/www.djtrap.fi\/index.php\/wp-json\/wp\/v2\/pages\/51\/revisions\/530"}],"wp:attachment":[{"href":"https:\/\/www.djtrap.fi\/index.php\/wp-json\/wp\/v2\/media?parent=51"}],"curies":[{"name":"wp","href":"https:\/\/api.w.org\/{rel}","templated":true}]}}