{"id":303,"date":"2020-03-27T14:06:54","date_gmt":"2020-03-27T14:06:54","guid":{"rendered":"http:\/\/localhost\/projects\/Neve-music-band\/?page_id=303"},"modified":"2026-04-14T11:34:00","modified_gmt":"2026-04-14T11:34:00","slug":"b56e6-discography","status":"publish","type":"page","link":"https:\/\/www.djtrap.fi\/index.php\/b56e6-discography\/","title":{"rendered":"Minusta"},"content":{"rendered":"\n<div id=\"wp-block-themeisle-blocks-advanced-columns-82b92ef3\" class=\"wp-block-themeisle-blocks-advanced-columns alignfull has-1-columns has-desktop-equal-layout has-tablet-equal-layout has-mobile-equal-layout has-vertical-center has-dark-bg\"><div class=\"wp-block-themeisle-blocks-advanced-columns-overlay\"><\/div><div class=\"innerblocks-wrap\">\n<div id=\"wp-block-themeisle-blocks-advanced-column-d2c78966\" class=\"wp-block-themeisle-blocks-advanced-column\">\n<h1 id=\"wp-block-themeisle-blocks-advanced-heading-01a12365\" class=\"wp-block-themeisle-blocks-advanced-heading wp-block-themeisle-blocks-advanced-heading-01a12365\">Kuka olen?<\/h1>\n<\/div>\n<\/div><\/div>\n\n\n\n<div id=\"wp-block-themeisle-blocks-advanced-columns-6e790ec5\" class=\"wp-block-themeisle-blocks-advanced-columns alignfull has-1-columns has-desktop-equal-layout has-tablet-equal-layout has-mobile-equal-layout has-vertical-unset\"><div class=\"wp-block-themeisle-blocks-advanced-columns-overlay\"><\/div><div class=\"innerblocks-wrap\">\n<div id=\"wp-block-themeisle-blocks-advanced-column-d6e549a4\" class=\"wp-block-themeisle-blocks-advanced-column\">\n<p class=\"has-text-align-center\">Hei, olen Dj Trap. Olen kymmenvuotias ja kotoisin Tampereelta, harrastan lukemista, musiikkia ja pelej\u00e4. Rakastan esiintymist\u00e4 ja konemusiikkia. Teen Dj-keikkoja ymp\u00e4ri Suomea Etel\u00e4-Suomesta aina Lappiin saakka. Lempiesiintymispaikkani ovat H\u00f6\u00f6ri Pyh\u00e4ll\u00e4 ja Periscope Tamperella.<br><\/p>\n<\/div>\n<\/div><\/div>\n\n\n\n<p><\/p>\n\n\n\n<figure class=\"wp-block-image size-large is-resized\"><img loading=\"lazy\" decoding=\"async\" width=\"1024\" height=\"683\" src=\"https:\/\/www.djtrap.fi\/wp-content\/uploads\/2025\/05\/20250324_Dj_Trap_Promo_0516_2200px_WEB_JPG-1024x683.jpg\" alt=\"\" class=\"wp-image-430\" style=\"width:1170px;height:auto\" srcset=\"https:\/\/www.djtrap.fi\/wp-content\/uploads\/2025\/05\/20250324_Dj_Trap_Promo_0516_2200px_WEB_JPG-1024x683.jpg 1024w, https:\/\/www.djtrap.fi\/wp-content\/uploads\/2025\/05\/20250324_Dj_Trap_Promo_0516_2200px_WEB_JPG-300x200.jpg 300w, https:\/\/www.djtrap.fi\/wp-content\/uploads\/2025\/05\/20250324_Dj_Trap_Promo_0516_2200px_WEB_JPG-768x512.jpg 768w, https:\/\/www.djtrap.fi\/wp-content\/uploads\/2025\/05\/20250324_Dj_Trap_Promo_0516_2200px_WEB_JPG-1536x1024.jpg 1536w, https:\/\/www.djtrap.fi\/wp-content\/uploads\/2025\/05\/20250324_Dj_Trap_Promo_0516_2200px_WEB_JPG-2048x1366.jpg 2048w, https:\/\/www.djtrap.fi\/wp-content\/uploads\/2025\/05\/20250324_Dj_Trap_Promo_0516_2200px_WEB_JPG-930x620.jpg 930w\" sizes=\"auto, (max-width: 1024px) 100vw, 1024px\" \/><figcaption class=\"wp-element-caption\">\u00a9Arttu Kokkonen<\/figcaption><\/figure>\n","protected":false},"excerpt":{"rendered":"","protected":false},"author":1,"featured_media":0,"parent":0,"menu_order":0,"comment_status":"closed","ping_status":"closed","template":"page-templates\/template-pagebuilder-full-width.php","meta":{"neve_meta_sidebar":"full-width","neve_meta_container":"contained","neve_meta_enable_content_width":"on","neve_meta_content_width":100,"neve_meta_title_alignment":"","neve_meta_author_avatar":"","neve_post_elements_order":"","neve_meta_disable_header":"","neve_meta_disable_footer":"","neve_meta_disable_title":"","_themeisle_gutenberg_block_has_review":false,"footnotes":""},"class_list":["post-303","page","type-page","status-publish","hentry"],"_links":{"self":[{"href":"https:\/\/www.djtrap.fi\/index.php\/wp-json\/wp\/v2\/pages\/303","targetHints":{"allow":["GET"]}}],"collection":[{"href":"https:\/\/www.djtrap.fi\/index.php\/wp-json\/wp\/v2\/pages"}],"about":[{"href":"https:\/\/www.djtrap.fi\/index.php\/wp-json\/wp\/v2\/types\/page"}],"author":[{"embeddable":true,"href":"https:\/\/www.djtrap.fi\/index.php\/wp-json\/wp\/v2\/users\/1"}],"replies":[{"embeddable":true,"href":"https:\/\/www.djtrap.fi\/index.php\/wp-json\/wp\/v2\/comments?post=303"}],"version-history":[{"count":7,"href":"https:\/\/www.djtrap.fi\/index.php\/wp-json\/wp\/v2\/pages\/303\/revisions"}],"predecessor-version":[{"id":548,"href":"https:\/\/www.djtrap.fi\/index.php\/wp-json\/wp\/v2\/pages\/303\/revisions\/548"}],"wp:attachment":[{"href":"https:\/\/www.djtrap.fi\/index.php\/wp-json\/wp\/v2\/media?parent=303"}],"curies":[{"name":"wp","href":"https:\/\/api.w.org\/{rel}","templated":true}]}}